 of 751?
751
What are the prime factors of 7907?
7907
What are the prime factors of 7115?
5, 1423
What are the prime factors of 12879?
3, 53
List the prime factors of 4821.
3, 1607
List the prime factors of 20590.
2, 5, 29, 71
What are the prime factors of 1146?
2, 3, 191
List the prime factors of 41839.
7, 43, 139
What are the prime factors of 1481?
1481
List the prime factors of 2165.
5, 433
List the prime factors of 1857.
3, 619
What are the prime factors of 77785?
5, 47, 331
What are the prime factors of 114757?
114757
What are the prime factors of 13934?
2, 6967
List the prime factors of 2174.
2, 1087
What are the prime factors of 1023?
3, 11, 31
List the prime factors of 240.
2, 3, 5
What are the prime factors of 1209?
3, 13, 31
What are the prime factors of 18462?
2, 3, 17, 181
What are the prime factors of 12999?
3, 7, 619
List the prime factors of 37549.
37549
What are the prime factors of 282?
2, 3, 47
What are the prime factors of 4226?
2, 2113
What are the prime factors of 5827?
5827
List the prime factors of 20768.
2, 11, 59
What are the prime factors of 25435?
5, 5087
What are the prime factors of 1024?
2
What are the prime factors of 3615?
3, 5, 241
List the prime factors of 1182.
2, 3, 197
What are the prime factors of 693?
3, 7, 11
List the prime factors of 3408.
2, 3, 71
What are the prime factors of 20142?
2, 3, 373
List the prime factors of 1138.
2, 569
List the prime factors of 49789.
49789
What are the prime factors of 110642?
2, 7, 1129
List the prime factors of 9446.
2, 4723
What are the prime factors of 57949?
167, 347
What are the prime factors of 19230?
2, 3, 5, 641
What are the prime factors of 5902?
2, 13, 227
What are the prime factors of 41729?
41729
What are the prime factors of 9195?
3, 5, 613
List the prime factors of 2368.
2, 37
List the prime factors of 687.
3, 229
List the prime factors of 1099.
7, 157
What are the prime factors of 43015?
5, 7, 1229
List the prime factors of 20462.
2, 13, 787
List the prime factors of 110793.
3, 36931
What are the prime factors of 38566?
2, 11, 1753
List the prime factors of 156458.
2, 78229
List the prime factors of 1748.
2, 19, 23
What are the prime factors of 51165?
3, 5, 379
What are the prime factors of 1496?
2, 11, 17
What are the prime factors of 15584?
2, 487
What are the prime factors of 56122?
2, 11, 2551
List the prime factors of 3537.
3, 131
List the prime factors of 33345.
3, 5, 13, 19
What are the prime factors of 52?
2, 13
What are the prime factors of 35?
5, 7
List the prime factors of 15475.
5, 619
What are the prime factors of 1291?
1291
List the prime factors of 74969.
61, 1229
What are the prime factors of 457?
457
What are the prime factors of 6321?
3, 7, 43
List the prime factors of 80647.
7, 41, 281
List the prime factors of 878.
2, 439
What are the prime factors of 3254?
2, 1627
List the prime factors of 15457.
13, 29, 41
List the prime factors of 63965.
5, 11, 1163
List the prime factors of 22714.
2, 41, 277
What are the prime factors of 10379?
97, 107
What are the prime factors of 2740?
2, 5, 137
What are the prime factors of 65215?
5, 13043
What are the prime factors of 1112?
2, 139
List the prime factors of 12424.
2, 1553
What are the prime factors of 3459?
3, 1153
List the prime factors of 254.
2, 127
List the prime factors of 6106.
2, 43, 71
What are the prime factors of 12864?
2, 3, 67
List the prime factors of 87528.
2, 3, 7, 521
List the prime factors of 2654.
2, 1327
What are the prime factors of 9382?
2, 4691
What are the prime factors of 3547?
3547
What are the prime factors of 18328?
2, 29, 79
List the prime factors of 968.
2, 11
List the prime factors of 439.
439
List the prime factors of 3753.
3, 139
List the prime factors of 1197.
3, 7, 19
What are the prime factors of 9593?
53, 181
List the prime factors of 6430.
2, 5, 643
What are the prime factors of 19339?
83, 233
List the prime factors of 154.
2, 7, 11
What are the prime factors of 889?
7, 127
List the prime factors of 30670.
2, 5, 3067
What are the prime factors of 4244?
2, 1061
What are the prime factors of 1280?
2, 5
What are the prime factors of 130702?
2, 11, 13, 457
What are the prime factors of 6253?
13, 37
List the prime factors of 852.
2, 3, 71
What are the prime factors of 46188?
2, 3, 1283
List the prime factors of 48271.
48271
List the prime factors of 4014.
2, 3, 223
List the prime factors of 94330.
2, 5, 9433
What are the prime factors of 2890?
2, 5, 17
What are the prime factors of 28713?
3, 17, 563
List the prime factors of 1488.
2, 3, 31
What are the prime factors of 872?
2, 109
List the prime factors of 1830.
2, 3, 5, 61
List the prime factors of 15246.
2, 3, 7, 11
List the prime factors of 2536.
2, 317
What are the prime factors of 9964?
2, 47, 53
List the prime factors of 2363.
17, 139
List the prime factors of 524.
2, 131
What are the prime factors of 2647?
2647
List the prime factors of 667.
23, 29
List the prime factors of 5107.
5107
List the prime factors of 7659.
3, 23, 37
What are the prime factors of 5894?
2, 7, 421
List the prime factors of 11982.
2, 3, 1997
List the prime factors of 194.
2, 97
What are the prime factors of 2442?
2, 3, 11, 37
List the prime factors of 2365.
5, 11, 43
What are the prime factors of 6708?
2, 3, 13, 43
List the prime factors of 3525.
3, 5, 47
List the prime factors of 1580.
2, 5, 79
List the prime factors of 535.
5, 107
List the prime factors of 402.
2, 3, 67
What are the prime factors of 25218?
2, 3, 467
What are the prime factors of 1039?
1039
What are the prime factors of 49788?
2, 3, 461
What are the prime factors of 217?
7, 31
List the prime factors of 3921.
3, 1307
List the prime factors of 3881.
3881
What are the prime factors of 962?
2, 13, 37
What are the prime factors of 25341?
3, 8447
What are the prime factors of 62769?
3, 7, 61
What are the prime factors of 1572?
2, 3, 131
List the prime factors of 987.
3, 7, 47
What are the prime factors of 21379?
21379
What are the prime factors of 6376?
2, 797
What are the prime factors of 1120?
2, 5, 7
What are the prime factors of 14159?
14159
What are the prime factors of 1203?
3, 401
What are the prime factors of 583?
11, 53
What are the prime factors of 859?
859
What are the prime factors of 39865?
5, 7, 17, 67
What are the prime factors of 2577?
3, 859
List the prime factors of 2852.
2, 23, 31
List the prime factors of 120740.
2, 5, 6037
List the prime factors of 128233.
7, 2617
What are the prime factors of 7435?
5, 1487
List the prime factors of 60656.
2, 17, 223
What are the prime factors of 29870?
2, 5, 29, 103
List the prime factors of 3267.
3, 11
What are the prime factors of 823?
823
What are the prime factors of 3256?
2, 11, 37
List the prime factors of 16013.
67, 239
What are the prime factors of 434?
2, 7, 31
List the prime factors of 75368.
2, 9421
What are the prime factors of 13913?
13913
List the prime factors of 1504.
2, 47
What are the prime factors of 316?
2, 79
What are the prime factors of 805?
5, 7, 23
What are the prime factors of 18200?
2, 5, 7, 13
What are the prime factors of 13128?
2, 3, 547
List the prime factors of 265.
5, 53
What are the prime factors of 13348?
2, 47, 71
What are the prime factors of 45660?
2, 3, 5, 761
List the prime factors of 1698.
2, 3, 283
List the prime factors of 11956.
2, 7, 61
What are the prime factors of 775?
5, 31
What are the prime factors of 1442?
2, 7, 103
What are the prime factors of 54340?
2, 5, 11, 13, 19
What are the prime factors of 1379?
7, 197
List the prime factors of 25.
5
List the prime factors of 18401.
18401
What are the prime factors of 13674?
2, 3, 43, 53
List the prime factors of 1163.
1163
List the prime factors of 5147.
5147
What are the prime factors of 74?
2, 37
List the prime factors of 22389.
3, 17, 439
List the prime factors of 1157.
13, 89
What are the prime factors of 105649?
105649
List the prime factors of 1478.
2, 739
List the prime factors of 3865.
5, 773
What are the prime factors of 6924?
2, 3, 577
What are the prime factors of 1295?
5, 7, 37
What are the prime factors of 1202?
2, 601
List the prime factors of 43.
43
List the prime factors of 94241.
7, 13463
List the prime factors of 13423.
31, 433
List the prime factors of 189902.
2, 94951
List the prime factors of 55439.
